{"id":506,"date":"2011-05-19T10:22:47","date_gmt":"2011-05-19T08:22:47","guid":{"rendered":"http:\/\/ramoncarreras.cat\/demo\/?page_id=506"},"modified":"2023-06-04T20:40:02","modified_gmt":"2023-06-04T18:40:02","slug":"la-candidatura","status":"publish","type":"page","link":"https:\/\/ramoncarreras.cat\/?page_id=506","title":{"rendered":"Bio?"},"content":{"rendered":"<div>\n<p><a href=\"https:\/\/ramoncarreras.cat\/?attachment_id=132\" rel=\"attachment wp-att-132\"><img loading=\"lazy\" decoding=\"async\" class=\"alignleft  wp-image-132\" src=\"https:\/\/ramoncarreras.cat\/wp-content\/uploads\/2011\/05\/Ramon_Carreras.jpg\" alt=\"\" width=\"442\" height=\"294\" srcset=\"https:\/\/ramoncarreras.cat\/wp-content\/uploads\/2011\/05\/Ramon_Carreras.jpg 425w, https:\/\/ramoncarreras.cat\/wp-content\/uploads\/2011\/05\/Ramon_Carreras-300x199.jpg 300w\" sizes=\"(max-width: 442px) 100vw, 442px\" \/><\/a><\/p>\n<\/div>\n<div>\n<p style=\"padding-left: 120px;\"><span style=\"color: #000080;\">RAMON CARRERAS I JUANICO<\/span><br \/>\n<span style=\"color: #000080;\">Nascut a Barcelona, 06\/09\/55<\/span><br \/>\n<span style=\"color: #000080;\">Resident a Cerdanya des de 1977<\/span><\/p>\n<p><span style=\"color: #000080;\"><strong>Experi\u00e8ncia laboral<\/strong>: propietari de l&#8217;empresa hostalera \u00abEsport i Natura Casona d&#8217;Age\u00bb des de l\u2019any 1978 fins l\u2019any 2007. Dedicada a la restauraci\u00f3, hostal familiar i grups escolars i a l\u2019organitzaci\u00f3 d\u2019activitats esportives i esdeveniments esportius.<\/span><br \/>\n<span style=\"color: #000080;\">( <\/span><a href=\"http:\/\/www.casonage.com\/\"><span style=\"color: #000080;\">www.casonage.com<\/span><\/a><span style=\"color: #000080;\"> )<\/span><\/p>\n<p><span style=\"color: #000080;\"><strong>Estudis<\/strong>: Biologia, programaci\u00f3, angl\u00e8s. Ioga i filosofies orientals. Budisme Zen i Mundfulness.<\/span><\/p>\n<p><span style=\"color: #000080;\"><strong>Aficions<\/strong>: M\u00fasica, vaig participar amb grups a Barcelona entre 1974-78 i vaig intervenir en la constituci\u00f3 del \u00abGremi de M\u00fasics de Catalunya\u00bb.<\/span><\/p>\n<ul>\n<li><span style=\"color: #000080;\">Fotografia.<\/span><\/li>\n<li><span style=\"color: #000080;\">Llibres.<\/span><\/li>\n<li><span style=\"color: #000080;\">Esports:\u00a0 Esqu\u00ed: Corredor amb CEVA, LA CAIXA, CANM-C \u00a0(3er Espanya\u00a0Ciutad\u00e0 i Universitari&#8230;)<\/span><\/li>\n<li><span style=\"color: #000080;\">Ciclisme: 4at. Espanya BTT Veterans 1991<\/span><\/li>\n<li><span style=\"color: #000080;\">Alpinisme i Esqu\u00ed &#8211; alpinisme.<\/span><\/li>\n<li><span style=\"color: #000080;\">Tenis i Gimn\u00e0stica Esportiva.<\/span><\/li>\n<\/ul>\n<p><span style=\"color: #000080;\"><strong>Dedicaci\u00f3 esportiva<\/strong>:<\/span><\/p>\n<ul>\n<li><span style=\"color: #000080;\">Entrenador CANM-C (1975-79).<\/span><\/li>\n<li><span style=\"color: #000080;\">Director cursets CANM-C amb Agust\u00ed Bulbena.<\/span><\/li>\n<li><span style=\"color: #000080;\">Vocal CANM-C anys 80.<\/span><\/li>\n<li><span style=\"color: #000080;\">Vice-president CANM-C (1987-91).<\/span><\/li>\n<li><span style=\"color: #000080;\">President CANM-C (1991-95), amb nombrosos \u00e8xits esportius en totes les categories i nivells. Organitzaci\u00f3 de nombroses competicions d\u2019\u00e0mbit nacional i regional d\u2019esqu\u00ed i BTT (Campionats de Catalunya, Trofeu Nescaf\u00e9, Challenge del Pirineus, Trofeu Caixa Girona).<\/span><\/li>\n<li><span style=\"color: #000080;\">Creaci\u00f3 de les seccions de BTT, TELEMARK, SURF i FONS.<\/span><\/li>\n<li><span style=\"color: #000080;\">Soci fundador de Associaci\u00f3 Espanyola de Trineus i Pulka (AETIP).<\/span><\/li>\n<li><span style=\"color: #000080;\">Soci fundador del 1er club nacional de BTT, \u00abBTT LA MOLINA\u00bb.<\/span><\/li>\n<li><span style=\"color: #000080;\">Soci fundador Club BTT Ll\u00edvia.<\/span><\/li>\n<li><span style=\"color: #000080;\">Co-director TROFEOS RUNNER BTT.<\/span><\/li>\n<li><span style=\"color: #000080;\">Orgaitzador nombroses curses BTT (Challenge Cerdanya).<\/span><\/li>\n<li><span style=\"color: #000080;\">President de la Federaci\u00f3 Catalana d\u2019Esports d\u2019Hivern (FCEH) des de 1995.<\/span><\/li>\n<li><span style=\"color: #000080;\">Vice-president de la Real Federaci\u00f3n Espa\u00f1ola Deportes de Invierno (RFEDI) des de 1999.<\/span><\/li>\n<li><span style=\"color: #000080;\">Membre de varis comit\u00e8s de la Federaci\u00f3 Internacional d\u2019Esqu\u00ed (FIS) des de 1999 (Copa del Mon, Esqu\u00ed Alp\u00ed, Copa d\u2019Europa, Snowboard, Youth&amp;children).<\/span><\/li>\n<li><span style=\"color: #000080;\">Membre del Consell Directiu del Consell Catal\u00e0 de l\u2019Esport de la Generalitat de Catalunya des de l\u2019any 2.002.<\/span><\/li>\n<li><span style=\"color: #000080;\">Membre de la Junta Directiva del COC.<\/span><\/li>\n<li><span style=\"color: #000080;\">Membre de la Comissi\u00f3 Directiva de la candidatura Barcelona Pirineus 2022.<\/span><\/li>\n<li><span style=\"color: #000080;\">Membre de la seva Comissi\u00f3 Esportiva.<\/span><\/li>\n<li><span style=\"color: #000080;\">Vicepresident del Comit\u00e8 Organitzador del la Copa del M\u00f3n d\u2019esqu\u00ed Alp\u00ed de la Molina 2008 i dels Campionats del M\u00f3n de Snowboard La Molina 2011.<\/span><\/li>\n<li><span style=\"color: #000080;\">President del comit\u00e8 Organitzador del Centenari de l\u2019Esqu\u00ed a Catalunya 1908-2008.<\/span><\/li>\n<\/ul>\n<p><span style=\"color: #000080;\"><strong>Altres dedicacions<\/strong>:<\/span><\/p>\n<ul>\n<li><span style=\"color: #000080;\">Tinent d&#8217;alcalde de Puigcerd\u00e0 anys 1987-91, Regidor Urbanisme, Regidor Esports.<\/span><\/li>\n<li><span style=\"color: #000080;\">Coordinador de la Comissi\u00f3 de Festes d\u2019Age.<\/span><\/li>\n<li>Organitzador de la Gira Mon\u00e1stica del Mestre Budista Zen Thich Nhat Hanh de l&#8217;any 2014<\/li>\n<li>Co-president Comunitat Budista del Interser<\/li>\n<\/ul>\n<p><span style=\"color: #000080;\"><strong>Actualment<\/strong>:<\/span><\/p>\n<ul>\n<li>Jubilat, avi, ciclista i esquiador<\/li>\n<\/ul>\n<p><span style=\"color: #000080;\"><strong>Aficions principals<\/strong>:<\/span><\/p>\n<ul>\n<li><span style=\"color: #000080;\">Viatges.<\/span><\/li>\n<li><span style=\"color: #000080;\">M\u00fasica.<\/span><\/li>\n<li><span style=\"color: #000080;\">Lectura.<\/span><\/li>\n<li><span style=\"color: #000080;\">Fotografia.<\/span><\/li>\n<li><span style=\"color: #000080;\">Jardineria i bricolatge.<\/span><\/li>\n<\/ul>\n<\/div>\n<p><span style=\"color: #000080;\"><strong>Idiomes<\/strong>:<\/span><\/p>\n<ul>\n<li><span style=\"color: #000080;\">CASTALL\u00c0: escrit i parlat correctament.<\/span><\/li>\n<li><span style=\"color: #000080;\">CATAL\u00c0: escrit i parlat correctament.<\/span><\/li>\n<li><span style=\"color: #000080;\">ANGL\u00c8S: escrit i parlat correctament.<\/span><\/li>\n<li><span style=\"color: #000080;\">FRANC\u00c8S: escrit i parlat correctament.<\/span><\/li>\n<\/ul>\n","protected":false},"excerpt":{"rendered":"<p>RAMON CARRERAS I JUANICO Nascut a Barcelona, 06\/09\/55 Resident a Cerdanya des de 1977 Experi\u00e8ncia laboral: propietari de l&#8217;empresa hostalera \u00abEsport i Natura Casona d&#8217;Age\u00bb des de l\u2019any 1978 fins l\u2019any 2007. Dedicada a la restauraci\u00f3, hostal familiar i grups &hellip; <a href=\"https:\/\/ramoncarreras.cat\/?page_id=506\">Sigue leyendo <span class=\"meta-nav\">&rarr;<\/span><\/a><\/p>\n","protected":false},"author":1,"featured_media":0,"parent":0,"menu_order":0,"comment_status":"closed","ping_status":"open","template":"","meta":{"footnotes":""},"_links":{"self":[{"href":"https:\/\/ramoncarreras.cat\/index.php?rest_route=\/wp\/v2\/pages\/506"}],"collection":[{"href":"https:\/\/ramoncarreras.cat\/index.php?rest_route=\/wp\/v2\/pages"}],"about":[{"href":"https:\/\/ramoncarreras.cat\/index.php?rest_route=\/wp\/v2\/types\/page"}],"author":[{"embeddable":true,"href":"https:\/\/ramoncarreras.cat\/index.php?rest_route=\/wp\/v2\/users\/1"}],"replies":[{"embeddable":true,"href":"https:\/\/ramoncarreras.cat\/index.php?rest_route=%2Fwp%2Fv2%2Fcomments&post=506"}],"version-history":[{"count":22,"href":"https:\/\/ramoncarreras.cat\/index.php?rest_route=\/wp\/v2\/pages\/506\/revisions"}],"predecessor-version":[{"id":977,"href":"https:\/\/ramoncarreras.cat\/index.php?rest_route=\/wp\/v2\/pages\/506\/revisions\/977"}],"wp:attachment":[{"href":"https:\/\/ramoncarreras.cat\/index.php?rest_route=%2Fwp%2Fv2%2Fmedia&parent=506"}],"curies":[{"name":"wp","href":"https:\/\/api.w.org\/{rel}","templated":true}]}}