{"id":978,"date":"2023-06-04T20:49:30","date_gmt":"2023-06-04T18:49:30","guid":{"rendered":"http:\/\/ramoncarreras.cat\/?page_id=978"},"modified":"2023-06-04T21:22:24","modified_gmt":"2023-06-04T19:22:24","slug":"colaboraciones","status":"publish","type":"page","link":"https:\/\/ramoncarreras.cat\/?page_id=978","title":{"rendered":"Colaboraciones"},"content":{"rendered":"\n<p><strong>MANU RIPOLL<\/strong><\/p>\n\n\n\n<p>Manu Ripoll: Pintor y dibujante de c\u00f3mic. Ha editado varios libros, entre ellos:<br>\u2022&nbsp;<em>Ramon Llull llibre de viatges<\/em>, ed. Cosetania<br>\u2022&nbsp;<em>Un regalo para Kushbu<\/em>, Ed. Astiberri<br>\u2022&nbsp;<em>BCN noir<\/em>. Ed. Norma<br>\u2022&nbsp;<em>SISA \u00abels anys gal\u00e0ctics\u00bb<\/em>. Ed. Norma<br>\u2022 Reportaje Copito de Nieve en National Geografic 2017.<\/p>\n\n\n\n<p>Es el autor de las ilustraciones.<br><a href=\"https:\/\/www.instagram.com\/manuripoll89\/\" target=\"_blank\" rel=\"noreferrer noopener\">Instagram Manu<\/a><br><a href=\"https:\/\/www.whakoom.com\/autores\/65273\/manu_ripoll\" target=\"_blank\" rel=\"noreferrer noopener\">Whakoom Manu<\/a><\/p>\n\n\n\n<p><img decoding=\"async\" src=\"https:\/\/dg9aaz8jl1ktt.cloudfront.net\/uploaded_files\/000\/380\/666\/verkami_3a5c8b0bd16b97141a894475db8b374a.jpg?1675120121\"><br>\u00ab*\u00bbSucedi\u00f3 que, poco a poco, leyendo el libro, me fui dejando ir y permit\u00ed que fluyera lo m\u00e1s sencillo que pod\u00eda hacer. fue una experiencia muy t\u00e1ctil o sensorial&#8230; &#8230;Leyendo el libro, cada d\u00eda iba escribiendo algo y pintando alg\u00fan peque\u00f1o dibujo. Son como vi\u00f1etas&#8230; &#8230;tiene mucho que ver con el aspecto f\u00edsico, con el hecho de salir a pasear, la monta\u00f1a&#8230; &#8230;Tenemos la suerte de esta como comunicaci\u00f3n est\u00e9tica, con el paisaje, con el entorno&#8230; &#8230; Hay un vinculo: el color, el clima, la bruma, el entorno&#8230; &#8230;te paras, quiz\u00e1s a\u00fan no en la cima, y de repente hay algo que te llega&#8230; &#8230;Lo explicas muy bien en este libro, me llegaron las sensaciones, la comuni\u00f3n con el paisaje&#8230; &#8230;cada recuadro es como un paisaje, un paisaje c\u00f3mico, de un momento&#8230; &#8230;Y el horizonte, que nunca lo alcanzas, pero que est\u00e1 all\u00ed para que te fundas en \u00e9l\u00bb.<\/p>\n\n\n\n<p><strong>SALVA GARCIA<\/strong><\/p>\n\n\n\n<p>M\u00e9dico y Psic\u00f3logo social, profesor en la Universidad de Barcelona, impulsor de Imaging Lab, Buterfly Movement y&nbsp;<a href=\"http:\/\/www.factoriaeutopica.com\/\" target=\"_blank\" rel=\"noreferrer noopener\">Factoria Eut\u00f3pica<\/a><\/p>\n\n\n\n<p>Autor de varios libros, destacando:&nbsp;<em>La Inteligencia de Valores<\/em>.<br><a href=\"https:\/\/inteligenciadevalo.wixsite.com\/my-site-2\" target=\"_blank\" rel=\"noreferrer noopener\">Inteligencia de valores<\/a><\/p>\n\n\n\n<p>Ha cuidado de la correcci\u00f3n de estilo y ha aportado consejos y opiniones cr\u00edticas.<\/p>\n\n\n\n<p>Prologuista.<\/p>\n\n\n\n<p><strong>HERMANO PHAP LUU<\/strong><\/p>\n\n\n\n<p>Monje budista zen de origen americano, ordenado por Thich Nhat Hanh, hace ya veinte a\u00f1os. Actualmente abad del monasterio de California \u00abDeer Parck\u00bb. Es uno de las Maestros del Dharma m\u00e1s acreditados de Plum Village. Alama mater de \u00abThe PatH of Happiness\u00bb.<\/p>\n\n\n\n<figure class=\"wp-block-image is-resized\"><img loading=\"lazy\" decoding=\"async\" src=\"https:\/\/dg9aaz8jl1ktt.cloudfront.net\/uploaded_files\/000\/380\/806\/verkami_de401e5ac2deb0544f8393ed7f70333c.jpg?1675266420\" alt=\"\" width=\"401\" height=\"382\" title=\"\"\/><\/figure>\n\n\n\n<p>Me incit\u00f3 a organizar retiros de esqu\u00ed y mindfulness y a escribir este libro. Ha repasado su contenido y su coherencia. Me ha regalado un precioso pr\u00f3logo.<\/p>\n\n\n\n<p>Con el paso del tiempo nos hemos ido convirtiendo en grandes \u00abamigos en el camino\u00bb.<\/p>\n\n\n\n<p>Actualmente es el abad del monasterio de Deer Park, Escondido, California.<br><a rel=\"noreferrer noopener\" href=\"https:\/\/deerparkmonastery.org\/?gclid=Cj0KCQiA2-2eBhClARIsAGLQ2Rm7Gq6XrG9shmCy3ZXM0Czgrg-hLTDm3iVpLOzv6wXXg_xIQV5Wu78aAqM_EALw_wcB\" target=\"_blank\">Dear Park, Plum Village tradition<\/a><\/p>\n\n\n\n<p>Aqu\u00ed puedes acceder al reportaje sobre los retiros de nieve:<\/p>\n\n\n\n<figure class=\"wp-block-embed is-type-video is-provider-youtube wp-block-embed-youtube wp-embed-aspect-16-9 wp-has-aspect-ratio\"><div class=\"wp-block-embed__wrapper\">\n<iframe loading=\"lazy\" title=\"Retiro de esqu\u00ed &quot;Plena conciencia en la monta\u00f1a&quot;, con mon\u00e1sticos de Plum Village\" width=\"640\" height=\"360\" src=\"https:\/\/www.youtube.com\/embed\/erZVtg11Bcc?list=PLhrrladSMH69gjZggLvTCg8yeFUm5mRBV\" frameborder=\"0\" allow=\"accelerometer; autoplay; clipboard-write; encrypted-media; gyroscope; picture-in-picture; web-share\" allowfullscreen><\/iframe>\n<\/div><\/figure>\n\n\n\n<p><strong>ILUSTRACIONES y FOTOGRAF\u00cdAS<\/strong><\/p>\n\n\n\n<p>Desde este enlace puedes acceder al fondo de fotograf\u00edas del libro.<\/p>\n\n\n\n<figure class=\"wp-block-embed is-type-video is-provider-youtube wp-block-embed-youtube wp-embed-aspect-16-9 wp-has-aspect-ratio\"><div class=\"wp-block-embed__wrapper\">\n<iframe loading=\"lazy\" title=\"Libertad en los Apalaches 2\" width=\"640\" height=\"360\" src=\"https:\/\/www.youtube.com\/embed\/howzlxstLT4?list=PLhrrladSMH69gjZggLvTCg8yeFUm5mRBV\" frameborder=\"0\" allow=\"accelerometer; autoplay; clipboard-write; encrypted-media; gyroscope; picture-in-picture; web-share\" allowfullscreen><\/iframe>\n<\/div><\/figure>\n\n\n\n<figure class=\"wp-block-embed is-type-video is-provider-youtube wp-block-embed-youtube wp-embed-aspect-16-9 wp-has-aspect-ratio\"><div class=\"wp-block-embed__wrapper\">\n<iframe loading=\"lazy\" title=\"Caligrafia sobre nieve, Verkamy 3\" width=\"640\" height=\"360\" src=\"https:\/\/www.youtube.com\/embed\/r7QGxkqSMHc?list=PLhrrladSMH69gjZggLvTCg8yeFUm5mRBV\" frameborder=\"0\" allow=\"accelerometer; autoplay; clipboard-write; encrypted-media; gyroscope; picture-in-picture; web-share\" allowfullscreen><\/iframe>\n<\/div><\/figure>\n\n\n\n<figure class=\"wp-block-embed is-type-video is-provider-youtube wp-block-embed-youtube wp-embed-aspect-4-3 wp-has-aspect-ratio\"><div class=\"wp-block-embed__wrapper\">\n<iframe loading=\"lazy\" title=\"Video Libertad en los Apalaches 11\" width=\"640\" height=\"480\" src=\"https:\/\/www.youtube.com\/embed\/lYqLpsMUWYE?list=PLhrrladSMH69gjZggLvTCg8yeFUm5mRBV\" frameborder=\"0\" allow=\"accelerometer; autoplay; clipboard-write; encrypted-media; gyroscope; picture-in-picture; web-share\" allowfullscreen><\/iframe>\n<\/div><\/figure>\n\n\n\n<figure class=\"wp-block-embed is-type-video is-provider-youtube wp-block-embed-youtube wp-embed-aspect-16-9 wp-has-aspect-ratio\"><div class=\"wp-block-embed__wrapper\">\n<iframe loading=\"lazy\" title=\"Aigua, Gel i Neu a Fontargent\" width=\"640\" height=\"360\" src=\"https:\/\/www.youtube.com\/embed\/Vh7u4Ir9L-U?list=PLhrrladSMH69gjZggLvTCg8yeFUm5mRBV\" frameborder=\"0\" allow=\"accelerometer; autoplay; clipboard-write; encrypted-media; gyroscope; picture-in-picture; web-share\" allowfullscreen><\/iframe>\n<\/div><\/figure>\n","protected":false},"excerpt":{"rendered":"<p>MANU RIPOLL Manu Ripoll: Pintor y dibujante de c\u00f3mic. Ha editado varios libros, entre ellos:\u2022&nbsp;Ramon Llull llibre de viatges, ed. Cosetania\u2022&nbsp;Un regalo para Kushbu, Ed. Astiberri\u2022&nbsp;BCN noir. Ed. Norma\u2022&nbsp;SISA \u00abels anys gal\u00e0ctics\u00bb. Ed. Norma\u2022 Reportaje Copito de Nieve en National &hellip; <a href=\"https:\/\/ramoncarreras.cat\/?page_id=978\">Sigue leyendo <span class=\"meta-nav\">&rarr;<\/span><\/a><\/p>\n","protected":false},"author":1,"featured_media":0,"parent":0,"menu_order":0,"comment_status":"closed","ping_status":"closed","template":"","meta":{"footnotes":""},"_links":{"self":[{"href":"https:\/\/ramoncarreras.cat\/index.php?rest_route=\/wp\/v2\/pages\/978"}],"collection":[{"href":"https:\/\/ramoncarreras.cat\/index.php?rest_route=\/wp\/v2\/pages"}],"about":[{"href":"https:\/\/ramoncarreras.cat\/index.php?rest_route=\/wp\/v2\/types\/page"}],"author":[{"embeddable":true,"href":"https:\/\/ramoncarreras.cat\/index.php?rest_route=\/wp\/v2\/users\/1"}],"replies":[{"embeddable":true,"href":"https:\/\/ramoncarreras.cat\/index.php?rest_route=%2Fwp%2Fv2%2Fcomments&post=978"}],"version-history":[{"count":3,"href":"https:\/\/ramoncarreras.cat\/index.php?rest_route=\/wp\/v2\/pages\/978\/revisions"}],"predecessor-version":[{"id":987,"href":"https:\/\/ramoncarreras.cat\/index.php?rest_route=\/wp\/v2\/pages\/978\/revisions\/987"}],"wp:attachment":[{"href":"https:\/\/ramoncarreras.cat\/index.php?rest_route=%2Fwp%2Fv2%2Fmedia&parent=978"}],"curies":[{"name":"wp","href":"https:\/\/api.w.org\/{rel}","templated":true}]}}