{"id":991,"date":"2023-06-05T21:01:15","date_gmt":"2023-06-05T19:01:15","guid":{"rendered":"http:\/\/ramoncarreras.cat\/?page_id=991"},"modified":"2025-04-22T20:06:54","modified_gmt":"2025-04-22T18:06:54","slug":"news","status":"publish","type":"page","link":"https:\/\/ramoncarreras.cat\/?page_id=991","title":{"rendered":"NEWS:"},"content":{"rendered":"\n<h2 class=\"wp-block-heading\"><strong>Diada de Sant Jordi 2025 a Puigcerd\u00e0<\/strong><\/h2>\n\n\n\n<figure class=\"wp-block-image size-large is-resized\"><a href=\"https:\/\/ramoncarreras.cat\/wp-content\/uploads\/2025\/04\/sIGNATURA-LLIBRE-2025-pUIGCERDA-sANT-jORDI-1.jpg\"><img loading=\"lazy\" decoding=\"async\" width=\"724\" height=\"1024\" src=\"https:\/\/ramoncarreras.cat\/wp-content\/uploads\/2025\/04\/sIGNATURA-LLIBRE-2025-pUIGCERDA-sANT-jORDI-1-724x1024.jpg\" alt=\"\" class=\"wp-image-1289\" style=\"width:319px;height:auto\" srcset=\"https:\/\/ramoncarreras.cat\/wp-content\/uploads\/2025\/04\/sIGNATURA-LLIBRE-2025-pUIGCERDA-sANT-jORDI-1-724x1024.jpg 724w, https:\/\/ramoncarreras.cat\/wp-content\/uploads\/2025\/04\/sIGNATURA-LLIBRE-2025-pUIGCERDA-sANT-jORDI-1-212x300.jpg 212w, https:\/\/ramoncarreras.cat\/wp-content\/uploads\/2025\/04\/sIGNATURA-LLIBRE-2025-pUIGCERDA-sANT-jORDI-1-768x1087.jpg 768w, https:\/\/ramoncarreras.cat\/wp-content\/uploads\/2025\/04\/sIGNATURA-LLIBRE-2025-pUIGCERDA-sANT-jORDI-1-1085x1536.jpg 1085w, https:\/\/ramoncarreras.cat\/wp-content\/uploads\/2025\/04\/sIGNATURA-LLIBRE-2025-pUIGCERDA-sANT-jORDI-1.jpg 1447w\" sizes=\"(max-width: 724px) 100vw, 724px\" \/><\/a><\/figure>\n\n\n\n<h2 class=\"wp-block-heading\"><strong>TRAVES\u00cdA \u00abREFUGIOS MET\u00c1LICOS\u00bb. de Alins a Arinsal, por Montroig<\/strong>, <strong>Guerrosos, Certascan, Broate, Baborte, Baiau, Comapedrosa<\/strong> (Abril 2025)<\/h2>\n\n\n\n<figure class=\"wp-block-embed is-type-video is-provider-youtube wp-block-embed-youtube wp-embed-aspect-16-9 wp-has-aspect-ratio\"><div class=\"wp-block-embed__wrapper\">\n<iframe loading=\"lazy\" title=\"Travessa Met\u00e0l lics Ab25\" width=\"640\" height=\"360\" src=\"https:\/\/www.youtube.com\/embed\/hmjCQuaHHrM?feature=oembed\" frameborder=\"0\" allow=\"accelerometer; autoplay; clipboard-write; encrypted-media; gyroscope; picture-in-picture; web-share\" referrerpolicy=\"strict-origin-when-cross-origin\" allowfullscreen><\/iframe>\n<\/div><\/figure>\n\n\n\n<p><strong>MINDFULNESS &amp; SNOW RETREATS 2025<\/strong><\/p>\n\n\n\n<figure class=\"wp-block-embed is-type-video is-provider-youtube wp-block-embed-youtube wp-embed-aspect-16-9 wp-has-aspect-ratio\"><div class=\"wp-block-embed__wrapper\">\n<iframe loading=\"lazy\" title=\"MAGICAL INSIGHTS SNOW RETREATS\" width=\"640\" height=\"360\" src=\"https:\/\/www.youtube.com\/embed\/oHaDUFURc2c?feature=oembed\" frameborder=\"0\" allow=\"accelerometer; autoplay; clipboard-write; encrypted-media; gyroscope; picture-in-picture; web-share\" referrerpolicy=\"strict-origin-when-cross-origin\" allowfullscreen><\/iframe>\n<\/div><\/figure>\n\n\n\n<h2 class=\"wp-block-heading\"><strong>Webinar con dat Phan:  Domingo 12 de Enero, de 20.00h a 21.30h.<\/strong><\/h2>\n\n\n\n<p><a href=\"https:\/\/mailchi.mp\/4d75fb0289b6\/communaute-bien-aimee-cedres-bleus\">https:\/\/mailchi.mp\/4d75fb0289b6\/communaute-bien-aimee-cedres-bleus<\/a><\/p>\n\n\n\n<figure class=\"wp-block-image size-large\"><a href=\"https:\/\/ramoncarreras.cat\/wp-content\/uploads\/2025\/01\/Imatge-de-WhatsApp-2025-01-07-a-les-20.26.56_622ad04c.jpg\"><img loading=\"lazy\" decoding=\"async\" width=\"1024\" height=\"452\" src=\"https:\/\/ramoncarreras.cat\/wp-content\/uploads\/2025\/01\/Imatge-de-WhatsApp-2025-01-07-a-les-20.26.56_622ad04c-1024x452.jpg\" alt=\"\" class=\"wp-image-1279\" srcset=\"https:\/\/ramoncarreras.cat\/wp-content\/uploads\/2025\/01\/Imatge-de-WhatsApp-2025-01-07-a-les-20.26.56_622ad04c-1024x452.jpg 1024w, https:\/\/ramoncarreras.cat\/wp-content\/uploads\/2025\/01\/Imatge-de-WhatsApp-2025-01-07-a-les-20.26.56_622ad04c-300x132.jpg 300w, https:\/\/ramoncarreras.cat\/wp-content\/uploads\/2025\/01\/Imatge-de-WhatsApp-2025-01-07-a-les-20.26.56_622ad04c-768x339.jpg 768w, https:\/\/ramoncarreras.cat\/wp-content\/uploads\/2025\/01\/Imatge-de-WhatsApp-2025-01-07-a-les-20.26.56_622ad04c-1536x678.jpg 1536w, https:\/\/ramoncarreras.cat\/wp-content\/uploads\/2025\/01\/Imatge-de-WhatsApp-2025-01-07-a-les-20.26.56_622ad04c.jpg 1600w\" sizes=\"(max-width: 1024px) 100vw, 1024px\" \/><\/a><\/figure>\n\n\n\n<p><strong>Nou curs de tardor de l&#8217; AUCER amb Dat Phan:<\/strong><\/p>\n\n\n\n<figure class=\"wp-block-embed is-type-video is-provider-youtube wp-block-embed-youtube wp-embed-aspect-16-9 wp-has-aspect-ratio\"><div class=\"wp-block-embed__wrapper\">\n<iframe loading=\"lazy\" title=\"Guardians de la Terra, Mindfulness i nodualitat 24\" width=\"640\" height=\"360\" src=\"https:\/\/www.youtube.com\/embed\/tgDzOkWfy9s?feature=oembed\" frameborder=\"0\" allow=\"accelerometer; autoplay; clipboard-write; encrypted-media; gyroscope; picture-in-picture; web-share\" referrerpolicy=\"strict-origin-when-cross-origin\" allowfullscreen><\/iframe>\n<\/div><\/figure>\n\n\n\n<figure class=\"wp-block-image size-large\"><a href=\"https:\/\/ramoncarreras.cat\/wp-content\/uploads\/2024\/10\/IMG-20241015-WA0004-1.jpg\"><img loading=\"lazy\" decoding=\"async\" width=\"682\" height=\"1024\" src=\"https:\/\/ramoncarreras.cat\/wp-content\/uploads\/2024\/10\/IMG-20241015-WA0004-1-682x1024.jpg\" alt=\"\" class=\"wp-image-1265\" srcset=\"https:\/\/ramoncarreras.cat\/wp-content\/uploads\/2024\/10\/IMG-20241015-WA0004-1-682x1024.jpg 682w, https:\/\/ramoncarreras.cat\/wp-content\/uploads\/2024\/10\/IMG-20241015-WA0004-1-200x300.jpg 200w, https:\/\/ramoncarreras.cat\/wp-content\/uploads\/2024\/10\/IMG-20241015-WA0004-1-768x1153.jpg 768w, https:\/\/ramoncarreras.cat\/wp-content\/uploads\/2024\/10\/IMG-20241015-WA0004-1-1023x1536.jpg 1023w, https:\/\/ramoncarreras.cat\/wp-content\/uploads\/2024\/10\/IMG-20241015-WA0004-1.jpg 1066w\" sizes=\"(max-width: 682px) 100vw, 682px\" \/><\/a><\/figure>\n\n\n\n<h2 class=\"wp-block-heading\"><strong>FESTIVAL DE CINEMA BUDISTA 2024: VERDI PARK<\/strong><\/h2>\n\n\n\n<p>Col.loqui sobre \u00abEl monjo i el fusell\u00bb amb Jordi Armadans i Anna Constans<\/p>\n\n\n\n<figure class=\"wp-block-image size-large\"><a href=\"https:\/\/ramoncarreras.cat\/wp-content\/uploads\/2024\/10\/IMG_6386.jpg\"><img loading=\"lazy\" decoding=\"async\" width=\"874\" height=\"1024\" src=\"https:\/\/ramoncarreras.cat\/wp-content\/uploads\/2024\/10\/IMG_6386-874x1024.jpg\" alt=\"\" class=\"wp-image-1272\" srcset=\"https:\/\/ramoncarreras.cat\/wp-content\/uploads\/2024\/10\/IMG_6386-874x1024.jpg 874w, https:\/\/ramoncarreras.cat\/wp-content\/uploads\/2024\/10\/IMG_6386-256x300.jpg 256w, https:\/\/ramoncarreras.cat\/wp-content\/uploads\/2024\/10\/IMG_6386-768x900.jpg 768w, https:\/\/ramoncarreras.cat\/wp-content\/uploads\/2024\/10\/IMG_6386.jpg 1289w\" sizes=\"(max-width: 874px) 100vw, 874px\" \/><\/a><\/figure>\n\n\n\n<h2 class=\"wp-block-heading\"><strong>Grup meditaci\u00f3 a Cerdanya 24-25<\/strong><\/h2>\n\n\n\n<figure class=\"wp-block-image size-large\"><a href=\"https:\/\/ramoncarreras.cat\/wp-content\/uploads\/2024\/09\/IMG-20240927-WA0001-2.jpg\"><img loading=\"lazy\" decoding=\"async\" width=\"724\" height=\"1024\" src=\"https:\/\/ramoncarreras.cat\/wp-content\/uploads\/2024\/09\/IMG-20240927-WA0001-2-724x1024.jpg\" alt=\"\" class=\"wp-image-1255\" srcset=\"https:\/\/ramoncarreras.cat\/wp-content\/uploads\/2024\/09\/IMG-20240927-WA0001-2-724x1024.jpg 724w, https:\/\/ramoncarreras.cat\/wp-content\/uploads\/2024\/09\/IMG-20240927-WA0001-2-212x300.jpg 212w, https:\/\/ramoncarreras.cat\/wp-content\/uploads\/2024\/09\/IMG-20240927-WA0001-2-768x1086.jpg 768w, https:\/\/ramoncarreras.cat\/wp-content\/uploads\/2024\/09\/IMG-20240927-WA0001-2-1086x1536.jpg 1086w, https:\/\/ramoncarreras.cat\/wp-content\/uploads\/2024\/09\/IMG-20240927-WA0001-2.jpg 1131w\" sizes=\"(max-width: 724px) 100vw, 724px\" \/><\/a><\/figure>\n\n\n\n<h2 class=\"wp-block-heading\"><strong>A Sant Feliu !!!<\/strong><\/h2>\n\n\n\n<figure class=\"wp-block-embed is-type-video is-provider-youtube wp-block-embed-youtube wp-embed-aspect-4-3 wp-has-aspect-ratio\"><div class=\"wp-block-embed__wrapper\">\n<iframe loading=\"lazy\" title=\"Presentaci\u00f3 a la Biblioteca de Sant Feliu de Gu\u00edxols\" width=\"640\" height=\"480\" src=\"https:\/\/www.youtube.com\/embed\/Ih4K-pnfhvQ?feature=oembed\" frameborder=\"0\" allow=\"accelerometer; autoplay; clipboard-write; encrypted-media; gyroscope; picture-in-picture; web-share\" referrerpolicy=\"strict-origin-when-cross-origin\" allowfullscreen><\/iframe>\n<\/div><\/figure>\n\n\n\n<h2 class=\"wp-block-heading\"><strong>Al <em>Life resort <\/em>de Prullans:<\/strong><\/h2>\n\n\n\n<p><\/p>\n\n\n\n<figure class=\"wp-block-embed is-type-video is-provider-youtube wp-block-embed-youtube wp-embed-aspect-16-9 wp-has-aspect-ratio\"><div class=\"wp-block-embed__wrapper\">\n<iframe loading=\"lazy\" title=\"Taller Presentaci\u00f3 EcoResort Cerdanya, Prullans, 2\/05\/2024\" width=\"640\" height=\"360\" src=\"https:\/\/www.youtube.com\/embed\/HKQ9w6bzxvg?feature=oembed\" frameborder=\"0\" allow=\"accelerometer; autoplay; clipboard-write; encrypted-media; gyroscope; picture-in-picture; web-share\" referrerpolicy=\"strict-origin-when-cross-origin\" allowfullscreen><\/iframe>\n<\/div><\/figure>\n\n\n\n<h2 class=\"wp-block-heading\"><strong>De GIRA !!!<\/strong><\/h2>\n\n\n\n<figure class=\"wp-block-image size-large\"><a href=\"https:\/\/ramoncarreras.cat\/wp-content\/uploads\/2024\/05\/IMG-20240511-WA0021.jpg\"><img loading=\"lazy\" decoding=\"async\" width=\"724\" height=\"1024\" src=\"https:\/\/ramoncarreras.cat\/wp-content\/uploads\/2024\/05\/IMG-20240511-WA0021-724x1024.jpg\" alt=\"\" class=\"wp-image-1218\" srcset=\"https:\/\/ramoncarreras.cat\/wp-content\/uploads\/2024\/05\/IMG-20240511-WA0021-724x1024.jpg 724w, https:\/\/ramoncarreras.cat\/wp-content\/uploads\/2024\/05\/IMG-20240511-WA0021-212x300.jpg 212w, https:\/\/ramoncarreras.cat\/wp-content\/uploads\/2024\/05\/IMG-20240511-WA0021-768x1087.jpg 768w, https:\/\/ramoncarreras.cat\/wp-content\/uploads\/2024\/05\/IMG-20240511-WA0021-1085x1536.jpg 1085w, https:\/\/ramoncarreras.cat\/wp-content\/uploads\/2024\/05\/IMG-20240511-WA0021.jpg 1447w\" sizes=\"(max-width: 724px) 100vw, 724px\" \/><\/a><\/figure>\n\n\n\n<figure class=\"wp-block-video\"><video controls src=\"https:\/\/ramoncarreras.cat\/wp-content\/uploads\/2024\/05\/On-Tour-2024-presentacio-a-sanghas.mp4\"><\/video><\/figure>\n\n\n\n<h2 class=\"wp-block-heading\"><strong>Firmando en Las Ramblas de Barcelona por SANT JORDI:<\/strong><\/h2>\n\n\n\n<figure class=\"wp-block-gallery has-nested-images columns-default is-cropped wp-block-gallery-1 is-layout-flex wp-block-gallery-is-layout-flex\">\n<figure class=\"wp-block-image size-large\"><a href=\"https:\/\/ramoncarreras.cat\/wp-content\/uploads\/2024\/04\/IMG20240423150814_01-scaled.jpg\"><img loading=\"lazy\" decoding=\"async\" width=\"768\" height=\"1024\" data-id=\"1202\" src=\"https:\/\/ramoncarreras.cat\/wp-content\/uploads\/2024\/04\/IMG20240423150814_01-768x1024.jpg\" alt=\"\" class=\"wp-image-1202\" srcset=\"https:\/\/ramoncarreras.cat\/wp-content\/uploads\/2024\/04\/IMG20240423150814_01-768x1024.jpg 768w, https:\/\/ramoncarreras.cat\/wp-content\/uploads\/2024\/04\/IMG20240423150814_01-225x300.jpg 225w, https:\/\/ramoncarreras.cat\/wp-content\/uploads\/2024\/04\/IMG20240423150814_01-1152x1536.jpg 1152w, https:\/\/ramoncarreras.cat\/wp-content\/uploads\/2024\/04\/IMG20240423150814_01-1536x2048.jpg 1536w, https:\/\/ramoncarreras.cat\/wp-content\/uploads\/2024\/04\/IMG20240423150814_01-scaled.jpg 1920w\" sizes=\"(max-width: 768px) 100vw, 768px\" \/><\/a><\/figure>\n\n\n\n<figure class=\"wp-block-image size-large\"><a href=\"https:\/\/ramoncarreras.cat\/wp-content\/uploads\/2024\/04\/IMG20240423150808-scaled.jpg\"><img loading=\"lazy\" decoding=\"async\" width=\"768\" height=\"1024\" data-id=\"1203\" src=\"https:\/\/ramoncarreras.cat\/wp-content\/uploads\/2024\/04\/IMG20240423150808-768x1024.jpg\" alt=\"\" class=\"wp-image-1203\" srcset=\"https:\/\/ramoncarreras.cat\/wp-content\/uploads\/2024\/04\/IMG20240423150808-768x1024.jpg 768w, https:\/\/ramoncarreras.cat\/wp-content\/uploads\/2024\/04\/IMG20240423150808-225x300.jpg 225w, https:\/\/ramoncarreras.cat\/wp-content\/uploads\/2024\/04\/IMG20240423150808-1152x1536.jpg 1152w, https:\/\/ramoncarreras.cat\/wp-content\/uploads\/2024\/04\/IMG20240423150808-1536x2048.jpg 1536w, https:\/\/ramoncarreras.cat\/wp-content\/uploads\/2024\/04\/IMG20240423150808-scaled.jpg 1920w\" sizes=\"(max-width: 768px) 100vw, 768px\" \/><\/a><\/figure>\n\n\n\n<figure class=\"wp-block-image size-large\"><a href=\"https:\/\/ramoncarreras.cat\/wp-content\/uploads\/2024\/04\/IMG20240423133526-scaled.jpg\"><img loading=\"lazy\" decoding=\"async\" width=\"768\" height=\"1024\" data-id=\"1204\" src=\"https:\/\/ramoncarreras.cat\/wp-content\/uploads\/2024\/04\/IMG20240423133526-768x1024.jpg\" alt=\"\" class=\"wp-image-1204\" srcset=\"https:\/\/ramoncarreras.cat\/wp-content\/uploads\/2024\/04\/IMG20240423133526-768x1024.jpg 768w, https:\/\/ramoncarreras.cat\/wp-content\/uploads\/2024\/04\/IMG20240423133526-225x300.jpg 225w, https:\/\/ramoncarreras.cat\/wp-content\/uploads\/2024\/04\/IMG20240423133526-1152x1536.jpg 1152w, https:\/\/ramoncarreras.cat\/wp-content\/uploads\/2024\/04\/IMG20240423133526-1536x2048.jpg 1536w, https:\/\/ramoncarreras.cat\/wp-content\/uploads\/2024\/04\/IMG20240423133526-scaled.jpg 1920w\" sizes=\"(max-width: 768px) 100vw, 768px\" \/><\/a><\/figure>\n<\/figure>\n\n\n\n<h2 class=\"wp-block-heading\"><strong>WEBINAR INTERNACIONAL: Presentaci\u00f3n on-line Libertad en los Apalaches<\/strong><\/h2>\n\n\n\n<h2 class=\"wp-block-heading\">Aplazada a MIERCOLES 17\/1\/2024      20.00h<\/h2>\n\n\n\n<p>Moderada por DAT PHAN<\/p>\n\n\n\n<p>\u00abEl Arte de la Meditaci\u00f3n Caminando\u00bb<\/p>\n\n\n\n<p>Webinar completo con elecci\u00f3n de idioma: Espa\u00f1ol, Franc\u00e9s o Ingl\u00e9s.<\/p>\n\n\n\n<p><a href=\"https:\/\/us02web.zoom.us\/rec\/play\/zh9E5eL_8quH800D-rtdmY5jlN9izQucLxKYZlpxOlLCCoTZqUueVlNonF0poBm8A2UBTnqxKSKWCcpf.GrZJO6BXUxtLsDBm?canPlayFromShare=true&amp;from=share_recording_detail&amp;startTime=1705518508000&amp;componentName=rec-play&amp;originRequestUrl=https%3A%2F%2Fus02web.zoom.us%2Frec%2Fshare%2FdL2RTOr767-9qjPtzXckpEJWIAE1rVDJEkGYkzAG8NkrvdJ3sYjooEOh0E5X9dFi.oPoWcg6cfVNziBoD%3FstartTime%3D1705518508000\">https:\/\/us02web.zoom.us\/rec\/play\/zh9E5eL_8quH800D-rtdmY5jlN9izQucLxKYZlpxOlLCCoTZqUueVlNonF0poBm8A2UBTnqxKSKWCcpf.GrZJO6BXUxtLsDBm?canPlayFromShare=true&amp;from=share_recording_detail&amp;startTime=1705518508000&amp;componentName=rec-play&amp;originRequestUrl=https%3A%2F%2Fus02web.zoom.us%2Frec%2Fshare%2FdL2RTOr767-9qjPtzXckpEJWIAE1rVDJEkGYkzAG8NkrvdJ3sYjooEOh0E5X9dFi.oPoWcg6cfVNziBoD%3FstartTime%3D1705518508000<\/a><\/p>\n\n\n\n<p><\/p>\n\n\n\n<h2 class=\"wp-block-heading\"><strong>Presentaci\u00f3 a la BIBLIO VALL D&#8217;OR de VALLDOREIX (SANT CUGAT)<\/strong><\/h2>\n\n\n\n<p>Dimarts, 9 de Gener de 2024, 19.00h<\/p>\n\n\n\n<figure class=\"wp-block-embed is-type-video is-provider-youtube wp-block-embed-youtube wp-embed-aspect-16-9 wp-has-aspect-ratio\"><div class=\"wp-block-embed__wrapper\">\n<iframe loading=\"lazy\" title=\"Presentaci\u00f3 Biblio Vall d&#039;Or de Valldoreix\" width=\"640\" height=\"360\" src=\"https:\/\/www.youtube.com\/embed\/2VD0wR_kJ3c?feature=oembed\" frameborder=\"0\" allow=\"accelerometer; autoplay; clipboard-write; encrypted-media; gyroscope; picture-in-picture; web-share\" referrerpolicy=\"strict-origin-when-cross-origin\" allowfullscreen><\/iframe>\n<\/div><\/figure>\n\n\n\n<h2 class=\"wp-block-heading\"><strong>Presentaci\u00f3 a la Fundaci\u00f3 CASA del TIBET<\/strong><\/h2>\n\n\n\n<p>Diluns, 20 de Novembre, 18.00h<\/p>\n\n\n\n<p>C\/ Rosell\u00f3, 181 BARCELONA<\/p>\n\n\n\n<figure class=\"wp-block-embed is-type-video is-provider-youtube wp-block-embed-youtube wp-embed-aspect-16-9 wp-has-aspect-ratio\"><div class=\"wp-block-embed__wrapper\">\n<iframe loading=\"lazy\" title=\"Video Pres Casa Tibet 20231120\" width=\"640\" height=\"360\" src=\"https:\/\/www.youtube.com\/embed\/s_BH9lLhiQM?feature=oembed\" frameborder=\"0\" allow=\"accelerometer; autoplay; clipboard-write; encrypted-media; gyroscope; picture-in-picture; web-share\" referrerpolicy=\"strict-origin-when-cross-origin\" allowfullscreen><\/iframe>\n<\/div><\/figure>\n\n\n\n<h2 class=\"wp-block-heading\"><strong>Presentaci\u00f3 a la Llibreria Te Quiero de Barcelona<\/strong><\/h2>\n\n\n\n<p>Dijous, 26 d&#8217;Octubre, 18.00h<\/p>\n\n\n\n<p>Torrijos,10<br>Barcelona 08012<\/p>\n\n\n\n<p><a href=\"https:\/\/www.instagram.com\/p\/Cy4NGx9oQR_\/?utm_source=ig_web_copy_link&amp;igshid=MzRlODBiNWFlZA==\">https:\/\/www.instagram.com\/p\/Cy4NGx9oQR_\/?utm_source=ig_web_copy_link&amp;igshid=MzRlODBiNWFlZA==<\/a><\/p>\n\n\n\n<h2 class=\"wp-block-heading\"><strong>Presentaci\u00f3 a la Llibreria Caselles de Lleida<\/strong>.<\/h2>\n\n\n\n<p>Dimarts, 17 d&#8217;Octubre a les 19.00 h.<\/p>\n\n\n\n<p>Major, 46 \u00b7 25007 &#8211;&nbsp;<em>LLEIDA<\/em>&nbsp;\u00b7 Tel. 973 242 346&nbsp;<\/p>\n\n\n\n<p><a href=\"https:\/\/www.instagram.com\/reel\/CygnKUvtSWY\/?igshid=MTc4MmM1YmI2Ng==\">https:\/\/www.instagram.com\/reel\/CygnKUvtSWY\/?igshid=MTc4MmM1YmI2Ng==<\/a><\/p>\n\n\n\n<p><a href=\"https:\/\/www.caselles.com\/\">https:\/\/www.caselles.com\/<\/a><\/p>\n\n\n\n<h2 class=\"wp-block-heading\"><strong>Presentaci\u00f3 a la Biblioteca de la Seu D&#8217;Urgell.<\/strong><\/h2>\n\n\n\n<h2 class=\"wp-block-heading\">Dilluns, 28 de Setembre a les 19.30h<\/h2>\n\n\n\n<p><a href=\"https:\/\/www.instagram.com\/p\/CxWInJZC83x\/?img_index=1\">https:\/\/www.instagram.com\/p\/CxWInJZC83x\/?img_index=1<\/a><\/p>\n\n\n\n<h2 class=\"wp-block-heading\"><strong>Taller pr\u00e0ctic de meditaci\u00f3 caminant i presentaci\u00f3 a la Fundaci\u00f3 Mentalitat Nova de Puigcerd\u00e0.<\/strong><\/h2>\n\n\n\n<p>Dissabte 16 de setembre a les 18.00h<\/p>\n\n\n\n<p><a href=\"https:\/\/www.instagram.com\/p\/CxVFwsRILC2\/\">https:\/\/www.instagram.com\/p\/CxVFwsRILC2\/<\/a><\/p>\n\n\n\n<h2 class=\"wp-block-heading\"><strong>Visita de los monjes de Plum Village a Cerdanya<\/strong>.<\/h2>\n\n\n\n<p>Domingo, 10 de Septiembre, 8.30h a 17.00h.<\/p>\n\n\n\n<p>Programa intensivo de Mindfulness<\/p>\n\n\n\n<p><a href=\"https:\/\/www.instagram.com\/p\/CwkCFZfo0JU\/\">https:\/\/www.instagram.com\/p\/CwkCFZfo0JU\/<\/a><\/p>\n\n\n\n<p><strong>PRESENTACI\u00d3N EN GUILS DE CERDANYA<\/strong><\/p>\n\n\n\n<p>Viernes, 11 de Agosto de 2023  De 19:00h a 20:30h<strong> <\/strong><\/p>\n\n\n\n<p>Pla\u00e7a Major Guils de Cerdanya<\/p>\n\n\n\n<p>Organitza: Associaci\u00f3 Puigpedr\u00f3s.<\/p>\n\n\n\n<p><strong>PRESENTACI\u00d3N EN RIPOLL<\/strong><\/p>\n\n\n\n<p>Martes, 12 de Julio de 2023  De 19:00h a 20:30h<strong> <\/strong><\/p>\n\n\n\n<p>Llibrer\u00eda Cooperativa \u00abLa Lluerna\u00bb<\/p>\n\n\n\n<figure class=\"wp-block-embed is-type-video is-provider-youtube wp-block-embed-youtube wp-embed-aspect-4-3 wp-has-aspect-ratio\"><div class=\"wp-block-embed__wrapper\">\n<iframe loading=\"lazy\" title=\"La Monta\u00f1a es mi templo La Lluerna, Ripoll   12 07 23\" width=\"640\" height=\"480\" src=\"https:\/\/www.youtube.com\/embed\/edaoYW1Njow?feature=oembed\" frameborder=\"0\" allow=\"accelerometer; autoplay; clipboard-write; encrypted-media; gyroscope; picture-in-picture; web-share\" referrerpolicy=\"strict-origin-when-cross-origin\" allowfullscreen><\/iframe>\n<\/div><\/figure>\n\n\n\n<figure class=\"wp-block-embed is-type-video is-provider-youtube wp-block-embed-youtube wp-embed-aspect-16-9 wp-has-aspect-ratio\"><div class=\"wp-block-embed__wrapper\">\n<iframe loading=\"lazy\" title=\"Video Pres Lluerna Ripoll 120723\" width=\"640\" height=\"360\" src=\"https:\/\/www.youtube.com\/embed\/hKhB4C4M1wY?feature=oembed\" frameborder=\"0\" allow=\"accelerometer; autoplay; clipboard-write; encrypted-media; gyroscope; picture-in-picture; web-share\" referrerpolicy=\"strict-origin-when-cross-origin\" allowfullscreen><\/iframe>\n<\/div><\/figure>\n\n\n\n<p><strong>PRESENTACI\u00d3N EN PUIGCERD\u00c0<\/strong><\/p>\n\n\n\n<p>&nbsp;Del 4 de juliol al 4 de juliol de 2023 &nbsp;&nbsp;&nbsp;De 19:00h a 20:00h<\/p>\n\n\n\n<p>Sala Pilar Prim de la Biblioteca Comtat de Cerdanya<\/p>\n\n\n\n<p><a href=\"https:\/\/www.puigcerda.cat\/ca\/actualitat\/agenda\/presentacio-del-llibre-libertad-en-los-apalaches-meditaciones-de-nieve-zen\/\">https:\/\/www.puigcerda.cat\/ca\/actualitat\/agenda\/presentacio-del-llibre-libertad-en-los-apalaches-meditaciones-de-nieve-zen\/<\/a><\/p>\n\n\n\n<figure class=\"wp-block-embed is-type-video is-provider-youtube wp-block-embed-youtube wp-embed-aspect-16-9 wp-has-aspect-ratio\"><div class=\"wp-block-embed__wrapper\">\n<iframe loading=\"lazy\" title=\"Presentaci\u00f3 Libertad Apalaches, Puigcerd\u00e0 04072023, Biblioteca  intervenciones Ramon\" width=\"640\" height=\"360\" src=\"https:\/\/www.youtube.com\/embed\/K4OQjNacCbc?feature=oembed\" frameborder=\"0\" allow=\"accelerometer; autoplay; clipboard-write; encrypted-media; gyroscope; picture-in-picture; web-share\" referrerpolicy=\"strict-origin-when-cross-origin\" allowfullscreen><\/iframe>\n<\/div><\/figure>\n\n\n\n<p><\/p>\n\n\n\n<p><\/p>\n","protected":false},"excerpt":{"rendered":"<p>Diada de Sant Jordi 2025 a Puigcerd\u00e0 TRAVES\u00cdA \u00abREFUGIOS MET\u00c1LICOS\u00bb. de Alins a Arinsal, por Montroig, Guerrosos, Certascan, Broate, Baborte, Baiau, Comapedrosa (Abril 2025) MINDFULNESS &amp; SNOW RETREATS 2025 Webinar con dat Phan: Domingo 12 de Enero, de 20.00h a &hellip; <a href=\"https:\/\/ramoncarreras.cat\/?page_id=991\">Sigue leyendo <span class=\"meta-nav\">&rarr;<\/span><\/a><\/p>\n","protected":false},"author":1,"featured_media":0,"parent":0,"menu_order":0,"comment_status":"closed","ping_status":"closed","template":"","meta":{"footnotes":""},"_links":{"self":[{"href":"https:\/\/ramoncarreras.cat\/index.php?rest_route=\/wp\/v2\/pages\/991"}],"collection":[{"href":"https:\/\/ramoncarreras.cat\/index.php?rest_route=\/wp\/v2\/pages"}],"about":[{"href":"https:\/\/ramoncarreras.cat\/index.php?rest_route=\/wp\/v2\/types\/page"}],"author":[{"embeddable":true,"href":"https:\/\/ramoncarreras.cat\/index.php?rest_route=\/wp\/v2\/users\/1"}],"replies":[{"embeddable":true,"href":"https:\/\/ramoncarreras.cat\/index.php?rest_route=%2Fwp%2Fv2%2Fcomments&post=991"}],"version-history":[{"count":33,"href":"https:\/\/ramoncarreras.cat\/index.php?rest_route=\/wp\/v2\/pages\/991\/revisions"}],"predecessor-version":[{"id":1290,"href":"https:\/\/ramoncarreras.cat\/index.php?rest_route=\/wp\/v2\/pages\/991\/revisions\/1290"}],"wp:attachment":[{"href":"https:\/\/ramoncarreras.cat\/index.php?rest_route=%2Fwp%2Fv2%2Fmedia&parent=991"}],"curies":[{"name":"wp","href":"https:\/\/api.w.org\/{rel}","templated":true}]}}